 74268?
True
Is 24 a factor of 30752?
False
Is 74 a factor of 134088?
True
Is 83 a factor of 3569996?
True
Is 6 a factor of 80183?
False
Does 225 divide 1425600?
True
Does 418 divide 49883?
False
Is 94964 a multiple of 27?
False
Does 20 divide 19206620?
True
Is 24 a factor of 668256?
True
Does 6 divide 174523?
False
Is 2218960 a multiple of 10?
True
Is 451 a factor of 196863?
False
Does 198 divide 18282?
False
Is 87 a factor of 1003284?
True
Is 293 a factor of 12809134?
False
Does 459 divide 229500?
True
Is 878565 a multiple of 3?
True
Is 106750 a multiple of 84?
False
Does 261 divide 792501?
False
Is 4 a factor of 209809?
False
Is 157940 a multiple of 106?
True
Is 240 a factor of 31440?
True
Is 355390 a multiple of 7?
True
Is 9773469 a multiple of 26?
False
Is 10961694 a multiple of 9?
True
Does 973 divide 1413769?
True
Is 13992431 a multiple of 749?
False
Is 47232 a multiple of 48?
True
Does 546 divide 12550902?
True
Does 240 divide 72720?
True
Is 6 a factor of 48096?
True
Does 11 divide 151503?
True
Is 32 a factor of 721333?
False
Is 276 a factor of 942816?
True
Does 5 divide 5023?
False
Does 31 divide 4004484?
False
Is 62036 a multiple of 14?
False
Is 18800607 a multiple of 1851?
True
Is 15348 a multiple of 12?
True
Does 10 divide 6870?
True
Is 15 a factor of 39495?
True
Is 24 a factor of 351528?
True
Is 6 a factor of 357960?
True
Is 5581100 a multiple of 425?
True
Is 562984 a multiple of 64?
False
Is 17 a factor of 1672480?
False
Does 36 divide 8440668?
True
Does 222 divide 32236?
False
Is 55656 a multiple of 36?
True
Is 303435 a multiple of 24?
False
Is 696340 a multiple of 66?
False
Does 41 divide 3526164?
True
Is 202230 a multiple of 18?
True
Is 649458 a multiple of 6?
True
Does 8 divide 349924?
False
Is 136 a factor of 81056?
True
Is 180542 a multiple of 31?
False
Does 14 divide 4376451?
False
Is 24 a factor of 2578896?
True
Is 9502016 a multiple of 28?
False
Is 2 a factor of 240031?
False
Is 430 a factor of 199090?
True
Is 21413 a multiple of 6?
False
Is 529 a factor of 280307?
False
Does 12 divide 4716781?
False
Is 192 a factor of 4664518?
False
Does 16 divide 44556?
False
Is 1051232 a multiple of 38?
True
Is 10 a factor of 18372?
False
Is 121045 a multiple of 43?
True
Does 58 divide 38074?
False
Is 258 a factor of 3156643?
False
Is 511 a factor of 4187134?
True
Is 62618 a multiple of 307?
False
Does 12 divide 1306284?
True
Is 35 a factor of 25963?
False
Is 14 a factor of 444556?
True
Is 720756 a multiple of 17?
False
Does 4 divide 1432?
True
Is 2683489 a multiple of 10?
False
Does 200 divide 96800?
True
Is 41168 a multiple of 16?
True
Is 4 a factor of 253156?
True
Is 75 a factor of 29025?
True
Is 128492 a multiple of 16?
False
Does 47 divide 4200484?
True
Is 493 a factor of 3051048?
False
Is 22375 a multiple of 3?
False
Does 12 divide 102624?
True
Is 33336 a multiple of 2?
True
Does 11 divide 2210?
False
Does 369 divide 2227627?
False
Is 2029470 a multiple of 471?
False
Is 890504 a multiple of 314?
True
Is 57420 a multiple of 330?
True
Is 37 a factor of 42143?
True
Is 198186 a multiple of 134?
True
Is 68 a factor of 744396?
True
Is 229 a factor of 3527075?
False
Is 17 a factor of 939029?
True
Is 588912 a multiple of 28?
False
Is 1227063 a multiple of 7?
False
Is 34 a factor of 4406208?
False
Is 3847851 a multiple of 189?
True
Is 48533 a multiple of 4?
False
Does 113 divide 258648?
False
Is 66820 a multiple of 20?
True
Does 15 divide 73689?
False
Is 265986 a multiple of 102?
False
Is 4033251 a multiple of 2?
False
Does 108 divide 115236?
True
Is 6 a factor of 145411?
False
Is 155 a factor of 283495?
True
Is 76 a factor of 73200?
False
Does 6 divide 29578?
False
Is 4 a factor of 191404?
True
Is 163 a factor of 145396?
True
Is 4 a factor of 810308?
True
Is 13554 a multiple of 6?
True
Does 288 divide 2319552?
True
Does 29 divide 36506550?
False
Is 8419247 a multiple of 478?
False
Is 58800 a multiple of 21?
True
Does 12 divide 3115739?
False
Does 252 divide 14868?
True
Does 11 divide 1921150?
True
Does 371 divide 460342?
False
Is 227 a factor of 1781916?
False
Is 38857 a multiple of 7?
True
Is 318995 a multiple of 16?
False
Is 29000 a multiple of 40?
True
Is 275604 a multiple of 12?
True
Is 77 a factor of 776080?
False
Is 79160 a multiple of 37?
False
Is 497712 a multiple of 349?
False
Is 13630921 a multiple of 2161?
False
Does 12 divide 1875096?
True
Is 70 a factor of 490601?
False
Is 5350743 a multiple of 207?
True
Is 9 a factor of 579366?
True
Is 351680 a multiple of 20?
True
Does 6 divide 918498?
True
Is 11 a factor of 16112172?
False
Does 5 divide 102824?
False
Is 380 a factor of 4008620?
True
Is 38 a factor of 49704?
True
Is 71 a factor of 904071?
False
Is 60 a factor of 5249743?
False
Does 98 divide 7448?
True
Does 7 divide 1866564?
True
Is 15 a factor of 1793400?
True
Does 14 divide 23691?
False
Is 1324203 a multiple of 191?
True
Is 98799 a multiple of 413?
False
Does 395 divide 7542920?
True
Does 313 divide 1485498?
True
Is 5209542 a multiple of 26?
True
Is 9 a factor of 949989?
False
Is 287336 a multiple of 36?
False
Is 16 a factor of 112?
True
Does 34 divide 532304?
True
Is 1451520 a multiple of 42?
True
Is 489450 a multiple of 13?
True
Is 65 a factor of 73385?
True
Is 93 a factor of 2171374?
False
Does 17 divide 276777?
True
Does 376 divide 951572?
False
Is 43 a factor of 57174?
False
Does 74 divide 5302840?
True
Does 53 divide 55357?
False
Is 244651 a multiple of 11?
True
Is 169 a factor of 1190538?
False
Is 26 a factor of 10601370?
True
Is 434918 a multiple of 21?
False
Does 15 divide 93761?
False
Does 253 divide 666402?
True
Is 174 a factor of 20880?
True
Is 5195914 a multiple of 16?
False
Is 1277 a factor of 5953374?
True
Is 488684 a multiple of 868?
True
Does 140 divide 58240?
True
Is 51 a factor of 255662?
False
Is 54 a factor of 4139038?
False
Is 334 a factor of 2357870?
False
Is 19 a factor of 100896?
False
Is 248492 a multiple of 23?
True
Does 5 divide 199040?
True
Does 95 divide 1081005?
True
Is 736010 a multiple of 11?
True
Is 56156 a multiple of 5?
False
Is 15144 a multiple of 14?
False
Does 86 divide 163142?
True
Does 25 divide 75575?
True
Is 56 a factor of 356838?
False
Is 28155 a multiple of 66?
False
Does 155 divide 83659?
False
Is 2072370 a multiple of 1110?
True
Does 34 divide 494487?
False
Does 72 divide 31886?
False
Is 562 a factor of 4219496?
True
Is 20 a factor of 264380?
True
Is 3 a factor of 170073?
True
Is 99 a factor of 799213?
False
Does 244 divide 23171687?
False
Is 11 a factor of 2708574?
True
Is 24 a factor of 180361?
False
Is 15157256 a multiple of 381?
False
Does 147 divide 267067?
False
Does 69 divide 552686?
False
Is 105246 a multiple of 2?
True
Is 11 a factor of 20833?
False
Does 10 divide 166490?
True
Does 33 divide 210919?
False
Is 330 a factor of 26730?
True
Does 212 divide 88616?
True
Is 1739 a multiple of 9?
False
Does 31 divide 6200?
True
Does 39 divide 26965?
False
Does 858 divide 19899594?
True
Does 680 divide 357680?
True
Is 4834106 a multiple of 8?
False
Does 960 divide 466560?
True
Is 20 a factor of 285792?
False
Is 423808 a multiple of 32?
True
Is 40920 a multiple of 40?
True
Does 74 divide 29230?
True
Does 30 divide 48870?
True
Does 155 divide 792050?
True
Does 5 divide 28935?
True
Does 167 divide 38839?
False
Is 4332432 a multiple of 393?
True
Does 10 divide 534458?
False
Is 64 a factor of 415406?
False
Is 142 a factor of 532926?
True
Does 9 divide 242317?
False
Is 163 a factor of 1067650?
True
Is 6691247 a multiple of 15?
False
Is 5430413 a multiple of 151?
True
Is 26 a factor of 991530?
False
Is 6 a factor of 59796?
True
Is 25 a factor of 12932?
False
Is 11 a factor of 1059801?
False
Is 63 a factor of 333270?
True
Is 44 a factor of 1757184?
True
Is 16 a factor of 689737?
False
Is 45500 a multiple of 350?
True
Is 768872 a multiple of 30?
False
Does 54 divide 957150?
True
Is 414 a factor of 538200?
True
Is 1907771 a multiple of 79?
True
Does 567 divide 2455221?
False
Is 101 a factor of 328553?
True
Is 16 a factor of 64863?
False
Is 28 a factor of 40712?
True
Is 989 a factor of 819881?
True
Is 46 a factor of 185518?
True
Does 130 divide 406520?
False
Does 12 divide 11052?
True
Does 8 divide 30616?
True
Is 115805 a multiple of 35?
False
Does 19 divide 77425?
True
Does 109 d